{"id":1500,"date":"2019-05-29T12:18:39","date_gmt":"2019-05-29T12:18:39","guid":{"rendered":"https:\/\/lec.cv\/lecepe\/?page_id=1500"},"modified":"2020-04-16T19:45:19","modified_gmt":"2020-04-16T20:45:19","slug":"estagio","status":"publish","type":"page","link":"https:\/\/lec.cv\/lecepe\/estagio\/","title":{"rendered":"Estagiar no LEC"},"content":{"rendered":"\t\t<div data-elementor-type=\"wp-post\" data-elementor-id=\"1500\" class=\"elementor elementor-1500\">\n\t\t\t\t\t\t<section class=\"elementor-section elementor-top-section elementor-element elementor-element-3de9952 elementor-section-height-min-height elementor-section-items-stretch elementor-section-boxed elementor-section-height-default\" data-id=\"3de9952\" data-element_type=\"section\" data-settings=\"{&quot;background_background&quot;:&quot;classic&quot;}\">\n\t\t\t\t\t\t<div class=\"elementor-container elementor-column-gap-default\">\n\t\t\t\t\t<div class=\"elementor-column elementor-col-100 elementor-top-column elementor-element elementor-element-ac5dc19\" data-id=\"ac5dc19\" data-element_type=\"column\" data-settings=\"{&quot;background_background&quot;:&quot;classic&quot;}\">\n\t\t\t<div class=\"elementor-widget-wrap elementor-element-populated\">\n\t\t\t\t\t\t<div class=\"elementor-element elementor-element-c6f0f6a elementor-position-left elementor-vertical-align-bottom elementor-view-default elementor-mobile-position-top elementor-widget elementor-widget-icon-box\" data-id=\"c6f0f6a\" data-element_type=\"widget\" data-widget_type=\"icon-box.default\">\n\t\t\t\t<div class=\"elementor-widget-container\">\n\t\t\t\t\t\t\t<div class=\"elementor-icon-box-wrapper\">\n\n\t\t\t\t\t\t<div class=\"elementor-icon-box-icon\">\n\t\t\t\t<span  class=\"elementor-icon\">\n\t\t\t\t<i aria-hidden=\"true\" class=\"fas fa-graduation-cap\"><\/i>\t\t\t\t<\/span>\n\t\t\t<\/div>\n\t\t\t\n\t\t\t\t\t\t<div class=\"elementor-icon-box-content\">\n\n\t\t\t\t\t\t\t\t\t<h2 class=\"elementor-icon-box-title\">\n\t\t\t\t\t\t<span  >\n\t\t\t\t\t\t\tEstagiar Connosco\t\t\t\t\t\t<\/span>\n\t\t\t\t\t<\/h2>\n\t\t\t\t\n\t\t\t\t\n\t\t\t<\/div>\n\t\t\t\n\t\t<\/div>\n\t\t\t\t\t\t<\/div>\n\t\t\t\t<\/div>\n\t\t\t\t\t<\/div>\n\t\t<\/div>\n\t\t\t\t\t<\/div>\n\t\t<\/section>\n\t\t\t\t<section class=\"elementor-section elementor-top-section elementor-element elementor-element-873532b elementor-section-boxed elementor-section-height-default elementor-section-height-default\" data-id=\"873532b\" data-element_type=\"section\" data-settings=\"{&quot;background_background&quot;:&quot;classic&quot;}\">\n\t\t\t\t\t\t<div class=\"elementor-container elementor-column-gap-default\">\n\t\t\t\t\t<div class=\"elementor-column elementor-col-100 elementor-top-column elementor-element elementor-element-bac021b\" data-id=\"bac021b\" data-element_type=\"column\">\n\t\t\t<div class=\"elementor-widget-wrap\">\n\t\t\t\t\t\t\t<\/div>\n\t\t<\/div>\n\t\t\t\t\t<\/div>\n\t\t<\/section>\n\t\t\t\t<section class=\"elementor-section elementor-top-section elementor-element elementor-element-bd113e1 elementor-section-boxed elementor-section-height-default elementor-section-height-default\" data-id=\"bd113e1\" data-element_type=\"section\">\n\t\t\t\t\t\t<div class=\"elementor-container elementor-column-gap-default\">\n\t\t\t\t\t<div class=\"elementor-column elementor-col-100 elementor-top-column elementor-element elementor-element-1a2d96b\" data-id=\"1a2d96b\" data-element_type=\"column\">\n\t\t\t<div class=\"elementor-widget-wrap elementor-element-populated\">\n\t\t\t\t\t\t<div class=\"elementor-element elementor-element-c201b7f elementor-widget elementor-widget-heading\" data-id=\"c201b7f\" data-element_type=\"widget\" data-widget_type=\"heading.default\">\n\t\t\t\t<div class=\"elementor-widget-container\">\n\t\t\t\t\t<h2 class=\"elementor-heading-title elementor-size-default\">Depoimento de quem estagiou connosco<\/h2>\t\t\t\t<\/div>\n\t\t\t\t<\/div>\n\t\t\t\t<div class=\"elementor-element elementor-element-1d247b5 elementor-arrows-position-inside elementor-pagination-position-outside elementor-widget elementor-widget-image-carousel\" data-id=\"1d247b5\" data-element_type=\"widget\" data-settings=\"{&quot;image_spacing_custom&quot;:{&quot;unit&quot;:&quot;px&quot;,&quot;size&quot;:100,&quot;sizes&quot;:[]},&quot;navigation&quot;:&quot;both&quot;,&quot;autoplay&quot;:&quot;yes&quot;,&quot;pause_on_hover&quot;:&quot;yes&quot;,&quot;pause_on_interaction&quot;:&quot;yes&quot;,&quot;autoplay_speed&quot;:5000,&quot;infinite&quot;:&quot;yes&quot;,&quot;speed&quot;:500,&quot;image_spacing_custom_tablet&quot;:{&quot;unit&quot;:&quot;px&quot;,&quot;size&quot;:&quot;&quot;,&quot;sizes&quot;:[]},&quot;image_spacing_custom_mobile&quot;:{&quot;unit&quot;:&quot;px&quot;,&quot;size&quot;:&quot;&quot;,&quot;sizes&quot;:[]}}\" data-widget_type=\"image-carousel.default\">\n\t\t\t\t<div class=\"elementor-widget-container\">\n\t\t\t\t\t\t\t<div class=\"elementor-image-carousel-wrapper swiper\" role=\"region\" aria-roledescription=\"carousel\" aria-label=\"Carrossel de imagens\" dir=\"ltr\">\n\t\t\t<div class=\"elementor-image-carousel swiper-wrapper\" aria-live=\"off\">\n\t\t\t\t\t\t\t\t<div class=\"swiper-slide\" role=\"group\" aria-roledescription=\"slide\" aria-label=\"1 of 7\"><a data-elementor-open-lightbox=\"yes\" data-elementor-lightbox-slideshow=\"1d247b5\" data-elementor-lightbox-title=\"Patricia_Depoimento_Estagiarias_LEC\" data-e-action-hash=\"#elementor-action%3Aaction%3Dlightbox%26settings%3DeyJpZCI6MTg3NiwidXJsIjoiaHR0cHM6XC9cL2xlYy5jdlwvbGVjZXBlXC93cC1jb250ZW50XC91cGxvYWRzXC8yMDE5XC8xMVwvUGF0cmljaWFfRGVwb2ltZW50b19Fc3RhZ2lhcmlhc19MRUMuanBnIiwic2xpZGVzaG93IjoiMWQyNDdiNSJ9\" href=\"https:\/\/lec.cv\/lecepe\/wp-content\/uploads\/2019\/11\/Patricia_Depoimento_Estagiarias_LEC.jpg\"><figure class=\"swiper-slide-inner\"><img decoding=\"async\" class=\"swiper-slide-image\" src=\"https:\/\/lec.cv\/lecepe\/wp-content\/uploads\/2019\/11\/Patricia_Depoimento_Estagiarias_LEC-150x150.jpg\" alt=\"Patricia_Depoimento_Estagiarias_LEC\" \/><\/figure><\/a><\/div><div class=\"swiper-slide\" role=\"group\" aria-roledescription=\"slide\" aria-label=\"2 of 7\"><a data-elementor-open-lightbox=\"yes\" data-elementor-lightbox-slideshow=\"1d247b5\" data-elementor-lightbox-title=\"Tatiana_Depoimento_Estagiarias_LEC\" data-e-action-hash=\"#elementor-action%3Aaction%3Dlightbox%26settings%3DeyJpZCI6MTg3OSwidXJsIjoiaHR0cHM6XC9cL2xlYy5jdlwvbGVjZXBlXC93cC1jb250ZW50XC91cGxvYWRzXC8yMDE5XC8xMVwvVGF0aWFuYV9EZXBvaW1lbnRvX0VzdGFnaWFyaWFzX0xFQy5qcGciLCJzbGlkZXNob3ciOiIxZDI0N2I1In0%3D\" href=\"https:\/\/lec.cv\/lecepe\/wp-content\/uploads\/2019\/11\/Tatiana_Depoimento_Estagiarias_LEC.jpg\"><figure class=\"swiper-slide-inner\"><img decoding=\"async\" class=\"swiper-slide-image\" src=\"https:\/\/lec.cv\/lecepe\/wp-content\/uploads\/2019\/11\/Tatiana_Depoimento_Estagiarias_LEC-150x150.jpg\" alt=\"Tatiana_Depoimento_Estagiarias_LEC\" \/><\/figure><\/a><\/div><div class=\"swiper-slide\" role=\"group\" aria-roledescription=\"slide\" aria-label=\"3 of 7\"><a data-elementor-open-lightbox=\"yes\" data-elementor-lightbox-slideshow=\"1d247b5\" data-elementor-lightbox-title=\"SimoneF_Depoimento_Estagiarias_LEC\" data-e-action-hash=\"#elementor-action%3Aaction%3Dlightbox%26settings%3DeyJpZCI6MTg3OCwidXJsIjoiaHR0cHM6XC9cL2xlYy5jdlwvbGVjZXBlXC93cC1jb250ZW50XC91cGxvYWRzXC8yMDE5XC8xMVwvU2ltb25lRl9EZXBvaW1lbnRvX0VzdGFnaWFyaWFzX0xFQy5qcGciLCJzbGlkZXNob3ciOiIxZDI0N2I1In0%3D\" href=\"https:\/\/lec.cv\/lecepe\/wp-content\/uploads\/2019\/11\/SimoneF_Depoimento_Estagiarias_LEC.jpg\"><figure class=\"swiper-slide-inner\"><img decoding=\"async\" class=\"swiper-slide-image\" src=\"https:\/\/lec.cv\/lecepe\/wp-content\/uploads\/2019\/11\/SimoneF_Depoimento_Estagiarias_LEC-150x150.jpg\" alt=\"SimoneF_Depoimento_Estagiarias_LEC\" \/><\/figure><\/a><\/div><div class=\"swiper-slide\" role=\"group\" aria-roledescription=\"slide\" aria-label=\"4 of 7\"><a data-elementor-open-lightbox=\"yes\" data-elementor-lightbox-slideshow=\"1d247b5\" data-elementor-lightbox-title=\"Genise_Depoimento_Estagiarias_LEC\" data-e-action-hash=\"#elementor-action%3Aaction%3Dlightbox%26settings%3DeyJpZCI6MTg3NCwidXJsIjoiaHR0cHM6XC9cL2xlYy5jdlwvbGVjZXBlXC93cC1jb250ZW50XC91cGxvYWRzXC8yMDE5XC8xMVwvR2VuaXNlX0RlcG9pbWVudG9fRXN0YWdpYXJpYXNfTEVDLmpwZyIsInNsaWRlc2hvdyI6IjFkMjQ3YjUifQ%3D%3D\" href=\"https:\/\/lec.cv\/lecepe\/wp-content\/uploads\/2019\/11\/Genise_Depoimento_Estagiarias_LEC.jpg\"><figure class=\"swiper-slide-inner\"><img decoding=\"async\" class=\"swiper-slide-image\" src=\"https:\/\/lec.cv\/lecepe\/wp-content\/uploads\/2019\/11\/Genise_Depoimento_Estagiarias_LEC-150x150.jpg\" alt=\"Genise_Depoimento_Estagiarias_LEC\" \/><\/figure><\/a><\/div><div class=\"swiper-slide\" role=\"group\" aria-roledescription=\"slide\" aria-label=\"5 of 7\"><a data-elementor-open-lightbox=\"yes\" data-elementor-lightbox-slideshow=\"1d247b5\" data-elementor-lightbox-title=\"Furtunina_Depoimento_Estagiarias_LEC\" data-e-action-hash=\"#elementor-action%3Aaction%3Dlightbox%26settings%3DeyJpZCI6MTg3MywidXJsIjoiaHR0cHM6XC9cL2xlYy5jdlwvbGVjZXBlXC93cC1jb250ZW50XC91cGxvYWRzXC8yMDE5XC8xMVwvRnVydHVuaW5hX0RlcG9pbWVudG9fRXN0YWdpYXJpYXNfTEVDLmpwZyIsInNsaWRlc2hvdyI6IjFkMjQ3YjUifQ%3D%3D\" href=\"https:\/\/lec.cv\/lecepe\/wp-content\/uploads\/2019\/11\/Furtunina_Depoimento_Estagiarias_LEC.jpg\"><figure class=\"swiper-slide-inner\"><img decoding=\"async\" class=\"swiper-slide-image\" src=\"https:\/\/lec.cv\/lecepe\/wp-content\/uploads\/2019\/11\/Furtunina_Depoimento_Estagiarias_LEC-150x150.jpg\" alt=\"Furtunina_Depoimento_Estagiarias_LEC\" \/><\/figure><\/a><\/div><div class=\"swiper-slide\" role=\"group\" aria-roledescription=\"slide\" aria-label=\"6 of 7\"><a data-elementor-open-lightbox=\"yes\" data-elementor-lightbox-slideshow=\"1d247b5\" data-elementor-lightbox-title=\"Rivaldo_Depoimento_Estagiarias_LEC\" data-e-action-hash=\"#elementor-action%3Aaction%3Dlightbox%26settings%3DeyJpZCI6MTg3NywidXJsIjoiaHR0cHM6XC9cL2xlYy5jdlwvbGVjZXBlXC93cC1jb250ZW50XC91cGxvYWRzXC8yMDE5XC8xMVwvUml2YWxkb19EZXBvaW1lbnRvX0VzdGFnaWFyaWFzX0xFQy5qcGciLCJzbGlkZXNob3ciOiIxZDI0N2I1In0%3D\" href=\"https:\/\/lec.cv\/lecepe\/wp-content\/uploads\/2019\/11\/Rivaldo_Depoimento_Estagiarias_LEC.jpg\"><figure class=\"swiper-slide-inner\"><img decoding=\"async\" class=\"swiper-slide-image\" src=\"https:\/\/lec.cv\/lecepe\/wp-content\/uploads\/2019\/11\/Rivaldo_Depoimento_Estagiarias_LEC-150x150.jpg\" alt=\"Rivaldo_Depoimento_Estagiarias_LEC\" \/><\/figure><\/a><\/div><div class=\"swiper-slide\" role=\"group\" aria-roledescription=\"slide\" aria-label=\"7 of 7\"><a data-elementor-open-lightbox=\"yes\" data-elementor-lightbox-slideshow=\"1d247b5\" data-elementor-lightbox-title=\"Micael_Depoimento_Estagiarias_LEC\" data-e-action-hash=\"#elementor-action%3Aaction%3Dlightbox%26settings%3DeyJpZCI6MTg3NSwidXJsIjoiaHR0cHM6XC9cL2xlYy5jdlwvbGVjZXBlXC93cC1jb250ZW50XC91cGxvYWRzXC8yMDE5XC8xMVwvTWljYWVsX0RlcG9pbWVudG9fRXN0YWdpYXJpYXNfTEVDLmpwZyIsInNsaWRlc2hvdyI6IjFkMjQ3YjUifQ%3D%3D\" href=\"https:\/\/lec.cv\/lecepe\/wp-content\/uploads\/2019\/11\/Micael_Depoimento_Estagiarias_LEC.jpg\"><figure class=\"swiper-slide-inner\"><img decoding=\"async\" class=\"swiper-slide-image\" src=\"https:\/\/lec.cv\/lecepe\/wp-content\/uploads\/2019\/11\/Micael_Depoimento_Estagiarias_LEC-150x150.jpg\" alt=\"Micael_Depoimento_Estagiarias_LEC\" \/><\/figure><\/a><\/div>\t\t\t<\/div>\n\t\t\t\t\t\t\t\t\t\t\t\t<div class=\"elementor-swiper-button elementor-swiper-button-prev\" role=\"button\" tabindex=\"0\">\n\t\t\t\t\t\t<i aria-hidden=\"true\" class=\"eicon-chevron-left\"><\/i>\t\t\t\t\t<\/div>\n\t\t\t\t\t<div class=\"elementor-swiper-button elementor-swiper-button-next\" role=\"button\" tabindex=\"0\">\n\t\t\t\t\t\t<i aria-hidden=\"true\" class=\"eicon-chevron-right\"><\/i>\t\t\t\t\t<\/div>\n\t\t\t\t\n\t\t\t\t\t\t\t\t\t<div class=\"swiper-pagination\"><\/div>\n\t\t\t\t\t\t\t\t\t<\/div>\n\t\t\t\t\t\t<\/div>\n\t\t\t\t<\/div>\n\t\t\t\t\t<\/div>\n\t\t<\/div>\n\t\t\t\t\t<\/div>\n\t\t<\/section>\n\t\t\t\t<section class=\"elementor-section elementor-top-section elementor-element elementor-element-12b9e276 elementor-section-boxed elementor-section-height-default elementor-section-height-default\" data-id=\"12b9e276\" data-element_type=\"section\" data-settings=\"{&quot;background_background&quot;:&quot;classic&quot;}\">\n\t\t\t\t\t\t<div class=\"elementor-container elementor-column-gap-default\">\n\t\t\t\t\t<div class=\"elementor-column elementor-col-100 elementor-top-column elementor-element elementor-element-5ff4d10a\" data-id=\"5ff4d10a\" data-element_type=\"column\">\n\t\t\t<div class=\"elementor-widget-wrap elementor-element-populated\">\n\t\t\t\t\t\t<div class=\"elementor-element elementor-element-522bd317 elementor-shape-circle e-grid-align-right elementor-grid-0 elementor-widget elementor-widget-social-icons\" data-id=\"522bd317\" data-element_type=\"widget\" data-widget_type=\"social-icons.default\">\n\t\t\t\t<div class=\"elementor-widget-container\">\n\t\t\t\t\t\t\t<div class=\"elementor-social-icons-wrapper elementor-grid\" role=\"list\">\n\t\t\t\t\t\t\t<span class=\"elementor-grid-item\" role=\"listitem\">\n\t\t\t\t\t<a class=\"elementor-icon elementor-social-icon elementor-social-icon-facebook-f elementor-animation-pulse elementor-repeater-item-31120fd\" href=\"https:\/\/www.facebook.com\/LECCaboverde\" target=\"_blank\">\n\t\t\t\t\t\t<span class=\"elementor-screen-only\">Facebook-f<\/span>\n\t\t\t\t\t\t<i class=\"fab fa-facebook-f\"><\/i>\t\t\t\t\t<\/a>\n\t\t\t\t<\/span>\n\t\t\t\t\t\t\t<span class=\"elementor-grid-item\" role=\"listitem\">\n\t\t\t\t\t<a class=\"elementor-icon elementor-social-icon elementor-social-icon-twitter elementor-animation-pulse elementor-repeater-item-6ec3ea6\" href=\"https:\/\/www.twitter.com\/LECCaboverde\" target=\"_blank\">\n\t\t\t\t\t\t<span class=\"elementor-screen-only\">Twitter<\/span>\n\t\t\t\t\t\t<i class=\"fab fa-twitter\"><\/i>\t\t\t\t\t<\/a>\n\t\t\t\t<\/span>\n\t\t\t\t\t\t\t<span class=\"elementor-grid-item\" role=\"listitem\">\n\t\t\t\t\t<a class=\"elementor-icon elementor-social-icon elementor-social-icon-youtube elementor-animation-pulse elementor-repeater-item-f7b78fc\" href=\"https:\/\/www.youtube.com\/channel\/UC5EHRVEAT2YJ1aRvZk98ePA\" target=\"_blank\">\n\t\t\t\t\t\t<span class=\"elementor-screen-only\">Youtube<\/span>\n\t\t\t\t\t\t<i class=\"fab fa-youtube\"><\/i>\t\t\t\t\t<\/a>\n\t\t\t\t<\/span>\n\t\t\t\t\t<\/div>\n\t\t\t\t\t\t<\/div>\n\t\t\t\t<\/div>\n\t\t\t\t\t<\/div>\n\t\t<\/div>\n\t\t\t\t\t<\/div>\n\t\t<\/section>\n\t\t\t\t<\/div>\n\t\t","protected":false},"excerpt":{"rendered":"<p>Estagiar Connosco Nome (*) Forma\u00e7\u00e3o Acad\u00e9mica(*) E-mail(*) N\u00famero de Telefone\/Movel Assunto(*) Sua mensagem Anexo (*)Campos Obrigat\u00f3rio Depoimento de quem estagiou connosco Anterior Seguinte Facebook-f Twitter Youtube<\/p>\n","protected":false},"author":1,"featured_media":0,"parent":0,"menu_order":0,"comment_status":"closed","ping_status":"closed","template":"","meta":{"om_disable_all_campaigns":false,"_monsterinsights_skip_tracking":false,"_monsterinsights_sitenote_active":false,"_monsterinsights_sitenote_note":"","_monsterinsights_sitenote_category":0,"footnotes":""},"class_list":["post-1500","page","type-page","status-publish"],"aioseo_notices":[],"yoast_head":"<!-- This site is optimized with the Yoast SEO plugin v27.2 - https:\/\/yoast.com\/product\/yoast-seo-wordpress\/ -->\n<title>Estagiar no LEC - LEC-EPE<\/title>\n<meta name=\"robots\" content=\"index, follow, max-snippet:-1, max-image-preview:large, max-video-preview:-1\" \/>\n<link rel=\"canonical\" href=\"https:\/\/lec.cv\/lecepe\/estagio\/\" \/>\n<meta property=\"og:locale\" content=\"pt_PT\" \/>\n<meta property=\"og:type\" content=\"article\" \/>\n<meta property=\"og:title\" content=\"Estagiar no LEC - LEC-EPE\" \/>\n<meta property=\"og:description\" content=\"Estagiar Connosco Nome (*) Forma\u00e7\u00e3o Acad\u00e9mica(*) E-mail(*) N\u00famero de Telefone\/Movel Assunto(*) Sua mensagem Anexo (*)Campos Obrigat\u00f3rio Depoimento de quem estagiou connosco Anterior Seguinte Facebook-f Twitter Youtube\" \/>\n<meta property=\"og:url\" content=\"https:\/\/lec.cv\/lecepe\/estagio\/\" \/>\n<meta property=\"og:site_name\" content=\"LEC-EPE\" \/>\n<meta property=\"article:publisher\" content=\"http:\/\/www.facebook.com\/LECCaboverde\" \/>\n<meta property=\"article:modified_time\" content=\"2020-04-16T20:45:19+00:00\" \/>\n<meta property=\"og:image\" content=\"https:\/\/lec.cv\/lecepe\/wp-content\/uploads\/2019\/11\/Patricia_Depoimento_Estagiarias_LEC-150x150.jpg\" \/>\n<meta name=\"twitter:card\" content=\"summary_large_image\" \/>\n<script type=\"application\/ld+json\" class=\"yoast-schema-graph\">{\"@context\":\"https:\/\/schema.org\",\"@graph\":[{\"@type\":\"WebPage\",\"@id\":\"https:\/\/lec.cv\/lecepe\/estagio\/\",\"url\":\"https:\/\/lec.cv\/lecepe\/estagio\/\",\"name\":\"Estagiar no LEC - LEC-EPE\",\"isPartOf\":{\"@id\":\"https:\/\/lec.cv\/lecepe\/#website\"},\"primaryImageOfPage\":{\"@id\":\"https:\/\/lec.cv\/lecepe\/estagio\/#primaryimage\"},\"image\":{\"@id\":\"https:\/\/lec.cv\/lecepe\/estagio\/#primaryimage\"},\"thumbnailUrl\":\"https:\/\/lec.cv\/lecepe\/wp-content\/uploads\/2019\/11\/Patricia_Depoimento_Estagiarias_LEC-150x150.jpg\",\"datePublished\":\"2019-05-29T12:18:39+00:00\",\"dateModified\":\"2020-04-16T20:45:19+00:00\",\"breadcrumb\":{\"@id\":\"https:\/\/lec.cv\/lecepe\/estagio\/#breadcrumb\"},\"inLanguage\":\"pt-PT\",\"potentialAction\":[{\"@type\":\"ReadAction\",\"target\":[\"https:\/\/lec.cv\/lecepe\/estagio\/\"]}]},{\"@type\":\"ImageObject\",\"inLanguage\":\"pt-PT\",\"@id\":\"https:\/\/lec.cv\/lecepe\/estagio\/#primaryimage\",\"url\":\"https:\/\/lec.cv\/lecepe\/wp-content\/uploads\/2019\/11\/Patricia_Depoimento_Estagiarias_LEC-150x150.jpg\",\"contentUrl\":\"https:\/\/lec.cv\/lecepe\/wp-content\/uploads\/2019\/11\/Patricia_Depoimento_Estagiarias_LEC-150x150.jpg\"},{\"@type\":\"BreadcrumbList\",\"@id\":\"https:\/\/lec.cv\/lecepe\/estagio\/#breadcrumb\",\"itemListElement\":[{\"@type\":\"ListItem\",\"position\":1,\"name\":\"In\u00edcio\",\"item\":\"https:\/\/lec.cv\/lecepe\/\"},{\"@type\":\"ListItem\",\"position\":2,\"name\":\"Estagiar no LEC\"}]},{\"@type\":\"WebSite\",\"@id\":\"https:\/\/lec.cv\/lecepe\/#website\",\"url\":\"https:\/\/lec.cv\/lecepe\/\",\"name\":\"LEC-EPE\",\"description\":\"Laboratorio de Engenharia Civil de Cabo Verde\",\"publisher\":{\"@id\":\"https:\/\/lec.cv\/lecepe\/#organization\"},\"potentialAction\":[{\"@type\":\"SearchAction\",\"target\":{\"@type\":\"EntryPoint\",\"urlTemplate\":\"https:\/\/lec.cv\/lecepe\/?s={search_term_string}\"},\"query-input\":{\"@type\":\"PropertyValueSpecification\",\"valueRequired\":true,\"valueName\":\"search_term_string\"}}],\"inLanguage\":\"pt-PT\"},{\"@type\":\"Organization\",\"@id\":\"https:\/\/lec.cv\/lecepe\/#organization\",\"name\":\"LEC-EPE\",\"url\":\"https:\/\/lec.cv\/lecepe\/\",\"logo\":{\"@type\":\"ImageObject\",\"inLanguage\":\"pt-PT\",\"@id\":\"https:\/\/lec.cv\/lecepe\/#\/schema\/logo\/image\/\",\"url\":\"https:\/\/lec.cv\/lecepe\/wp-content\/uploads\/2019\/05\/cropped-ID_Site.png\",\"contentUrl\":\"https:\/\/lec.cv\/lecepe\/wp-content\/uploads\/2019\/05\/cropped-ID_Site.png\",\"width\":218,\"height\":70,\"caption\":\"LEC-EPE\"},\"image\":{\"@id\":\"https:\/\/lec.cv\/lecepe\/#\/schema\/logo\/image\/\"},\"sameAs\":[\"http:\/\/www.facebook.com\/LECCaboverde\"]}]}<\/script>\n<!-- \/ Yoast SEO plugin. -->","yoast_head_json":{"title":"Estagiar no LEC - LEC-EPE","robots":{"index":"index","follow":"follow","max-snippet":"max-snippet:-1","max-image-preview":"max-image-preview:large","max-video-preview":"max-video-preview:-1"},"canonical":"https:\/\/lec.cv\/lecepe\/estagio\/","og_locale":"pt_PT","og_type":"article","og_title":"Estagiar no LEC - LEC-EPE","og_description":"Estagiar Connosco Nome (*) Forma\u00e7\u00e3o Acad\u00e9mica(*) E-mail(*) N\u00famero de Telefone\/Movel Assunto(*) Sua mensagem Anexo (*)Campos Obrigat\u00f3rio Depoimento de quem estagiou connosco Anterior Seguinte Facebook-f Twitter Youtube","og_url":"https:\/\/lec.cv\/lecepe\/estagio\/","og_site_name":"LEC-EPE","article_publisher":"http:\/\/www.facebook.com\/LECCaboverde","article_modified_time":"2020-04-16T20:45:19+00:00","og_image":[{"url":"https:\/\/lec.cv\/lecepe\/wp-content\/uploads\/2019\/11\/Patricia_Depoimento_Estagiarias_LEC-150x150.jpg","type":"","width":"","height":""}],"twitter_card":"summary_large_image","schema":{"@context":"https:\/\/schema.org","@graph":[{"@type":"WebPage","@id":"https:\/\/lec.cv\/lecepe\/estagio\/","url":"https:\/\/lec.cv\/lecepe\/estagio\/","name":"Estagiar no LEC - LEC-EPE","isPartOf":{"@id":"https:\/\/lec.cv\/lecepe\/#website"},"primaryImageOfPage":{"@id":"https:\/\/lec.cv\/lecepe\/estagio\/#primaryimage"},"image":{"@id":"https:\/\/lec.cv\/lecepe\/estagio\/#primaryimage"},"thumbnailUrl":"https:\/\/lec.cv\/lecepe\/wp-content\/uploads\/2019\/11\/Patricia_Depoimento_Estagiarias_LEC-150x150.jpg","datePublished":"2019-05-29T12:18:39+00:00","dateModified":"2020-04-16T20:45:19+00:00","breadcrumb":{"@id":"https:\/\/lec.cv\/lecepe\/estagio\/#breadcrumb"},"inLanguage":"pt-PT","potentialAction":[{"@type":"ReadAction","target":["https:\/\/lec.cv\/lecepe\/estagio\/"]}]},{"@type":"ImageObject","inLanguage":"pt-PT","@id":"https:\/\/lec.cv\/lecepe\/estagio\/#primaryimage","url":"https:\/\/lec.cv\/lecepe\/wp-content\/uploads\/2019\/11\/Patricia_Depoimento_Estagiarias_LEC-150x150.jpg","contentUrl":"https:\/\/lec.cv\/lecepe\/wp-content\/uploads\/2019\/11\/Patricia_Depoimento_Estagiarias_LEC-150x150.jpg"},{"@type":"BreadcrumbList","@id":"https:\/\/lec.cv\/lecepe\/estagio\/#breadcrumb","itemListElement":[{"@type":"ListItem","position":1,"name":"In\u00edcio","item":"https:\/\/lec.cv\/lecepe\/"},{"@type":"ListItem","position":2,"name":"Estagiar no LEC"}]},{"@type":"WebSite","@id":"https:\/\/lec.cv\/lecepe\/#website","url":"https:\/\/lec.cv\/lecepe\/","name":"LEC-EPE","description":"Laboratorio de Engenharia Civil de Cabo Verde","publisher":{"@id":"https:\/\/lec.cv\/lecepe\/#organization"},"potentialAction":[{"@type":"SearchAction","target":{"@type":"EntryPoint","urlTemplate":"https:\/\/lec.cv\/lecepe\/?s={search_term_string}"},"query-input":{"@type":"PropertyValueSpecification","valueRequired":true,"valueName":"search_term_string"}}],"inLanguage":"pt-PT"},{"@type":"Organization","@id":"https:\/\/lec.cv\/lecepe\/#organization","name":"LEC-EPE","url":"https:\/\/lec.cv\/lecepe\/","logo":{"@type":"ImageObject","inLanguage":"pt-PT","@id":"https:\/\/lec.cv\/lecepe\/#\/schema\/logo\/image\/","url":"https:\/\/lec.cv\/lecepe\/wp-content\/uploads\/2019\/05\/cropped-ID_Site.png","contentUrl":"https:\/\/lec.cv\/lecepe\/wp-content\/uploads\/2019\/05\/cropped-ID_Site.png","width":218,"height":70,"caption":"LEC-EPE"},"image":{"@id":"https:\/\/lec.cv\/lecepe\/#\/schema\/logo\/image\/"},"sameAs":["http:\/\/www.facebook.com\/LECCaboverde"]}]}},"_links":{"self":[{"href":"https:\/\/lec.cv\/lecepe\/wp-json\/wp\/v2\/pages\/1500","targetHints":{"allow":["GET"]}}],"collection":[{"href":"https:\/\/lec.cv\/lecepe\/wp-json\/wp\/v2\/pages"}],"about":[{"href":"https:\/\/lec.cv\/lecepe\/wp-json\/wp\/v2\/types\/page"}],"author":[{"embeddable":true,"href":"https:\/\/lec.cv\/lecepe\/wp-json\/wp\/v2\/users\/1"}],"replies":[{"embeddable":true,"href":"https:\/\/lec.cv\/lecepe\/wp-json\/wp\/v2\/comments?post=1500"}],"version-history":[{"count":17,"href":"https:\/\/lec.cv\/lecepe\/wp-json\/wp\/v2\/pages\/1500\/revisions"}],"predecessor-version":[{"id":2315,"href":"https:\/\/lec.cv\/lecepe\/wp-json\/wp\/v2\/pages\/1500\/revisions\/2315"}],"wp:attachment":[{"href":"https:\/\/lec.cv\/lecepe\/wp-json\/wp\/v2\/media?parent=1500"}],"curies":[{"name":"wp","href":"https:\/\/api.w.org\/{rel}","templated":true}]}}